at is the tens digit of (-6)/15 - (-828)/m?
4
Let b(q) = 17*q**2 + 19*q - 57. What is the thousands digit of b(-9)?
1
Let m(v) = 49*v**2 - 8*v + 7. Let a(i) = 99*i**2 - 17*i + 15. Let h(n) = -4*a(n) + 9*m(n). What is the tens digit of h(2)?
7
Let s(q) = q**2 + 2*q - 35. Let o be s(9). Let r = o - -41. What is the units digit of r?
5
Let c(w) = -w**2 + 17*w - 5. Let j(t) = t - 12. Let y be j(17). What is the units digit of c(y)?
5
Let p = 416 + 235. What is the units digit of p?
1
Suppose 0 = 2*p + y + 2*y + 42, 4*y = -3*p - 65. Suppose -90 = 6*x - x. What is the units digit of (-7)/(-3) + x/p?
3
Let a(y) = y**3 + 2*y**2 - 12*y - 26. What is the units digit of a(7)?
1
Suppose -15 = b - 7. Let f = b + 11. Suppose 0 = -5*a + 3*k + 162, f*a - 63 - 35 = k. What is the tens digit of a?
3
Suppose -7*s = -2*s - 6*s. Suppose s = -m + 8*m - 175. What is the tens digit of m?
2
Let h(p) = p**2 - 2*p + 4. Let a be h(5). Let b be -5 + (0/(-7) - (1 - 6)). Suppose -w + a = -b*w. What is the tens digit of w?
1
Let u = 61 - 9. Let j be (-2)/(-8) + 91/u. Suppose -p = j*p - 141. What is the tens digit of p?
4
Let l(z) be the second derivative of -z**5/20 - 7*z**4/6 - 2*z**3 + 8*z**2 + 5*z. Let k be l(-13). Suppose k*q - 104 + 29 = 0. What is the units digit of q?
5
Suppose -9*r - 525 = -4*r. What is the tens digit of ((-1134)/r)/(2/10)?
5
Suppose 2*h = -57*h + 26373. What is the tens digit of h?
4
Let h be (-4 + (4 - 0))*(-2 + 1). Suppose 51 = 2*p - a - h, -5*p + 144 = 3*a. What is the units digit of p?
7
Let w = -1 - -4. Let g = 278 + -276. Suppose -u - 61 = -4*v, -w*v + 7*u = g*u - 33. What is the units digit of v?
6
Let o = 145 + 144. What is the tens digit of o?
8
Suppose -6 = 3*v, 3*f - 2*v = 18 - 5. Suppose -x - a - f*a = -147, -5*x - 3*a = -735. What is the hundreds digit of x?
1
Let r be -7 + (3 - 2)*3. Let j be 1 + 12/r - -8. What is the tens digit of 112/(-12)*(-9)/j?
1
Let v be 2 - -2*(-8 - -3). Let b = v + 119. What is the hundreds digit of b?
1
Suppose -56*r = -51*r - 170. Suppose a = 11 + r. What is the tens digit of a?
4
Suppose -4*r = 2*h - 5078, -4*r - 782 = h - 3329. What is the hundreds digit of h?
5
Let j be (-6)/9*(89 - -4). Let n be (-2)/6 - j/6. Suppose 4*y + n = 134. What is the units digit of y?
1
Let y(j) = -2*j**3 + j**2 + j. Let s be y(-1). Suppose -u - 5*a + 67 = 0, 2*u - 112 = -s*a + 30. Suppose -4*l = -u + 20. What is the units digit of l?
3
Suppose 24 + 1 = 5*b, c + 8 = 2*b. Suppose -2*j + c*r = -2*r + 24, 2*j + 2*r = 0. What is the tens digit of (6/j)/(9/(-324))?
5
Suppose 2078 = s + d, -3*d + 8352 = 4*s - 7*d. What is the thousands digit of s?
2
Let v(y) = y - 1. Let b be v(5). Suppose -40 = b*a - 0*a. What is the tens digit of 0/(-3) + (0 - a)?
1
Let y(z) = -z**2 + 3*z**2 - z**3 + 5*z**2 + 3. Let g be y(7). What is the tens digit of (-1)/9*g*-75?
2
Suppose 0 = 3*l + 4 + 2. Let a = -8 - l. What is the tens digit of a/33 + 442/11?
4
Let j = 1056 - 468. What is the units digit of j?
8
Suppose 2 = -i + 4. Suppose -5 = -i*r - 3. What is the units digit of 13 - 9 - -1*r?
5
Let h(n) = n**2 + 6*n - 1. Let l be h(-4). What is the tens digit of 1205/20 + l/(-12)?
6
Let r be 7 + -8 + 79*3. Suppose -s = -5*n - 82, -4*s - 5*n = -2*n - r. What is the units digit of s?
2
Let b(z) = -2*z + 20. Let u be b(5). What is the tens digit of 84/(-140) - (-1526)/u?
5
Suppose -5*l = -4*w - 188, 4*w + 195 = -2*l + 35. What is the tens digit of (2 + w)/(7 + -8)?
4
Suppose 4*x + 4*b + 0*b - 1508 = 0, 0 = -b + 4. What is the hundreds digit of x?
3
Suppose 0 = -2*t - u + 3198, 13*u = 12*u + 4. What is the tens digit of t?
9
Let g(d) be the first derivative of -9*d**2 + 5 - 16*d**2 + 7*d**2 - d. What is the tens digit of g(-1)?
3
Let c be 1/(-7) - 744/(-14). Suppose 13 = 4*t + c. Let s = t + 15. What is the units digit of s?
5
Let b(l) = 5*l + 5. Let m be b(-5). What is the units digit of (112/m)/((-4)/10)?
4
Let z(g) = 140*g**2 - g - 1. Let s be z(-1). Suppose -4*b - 2*d = -126 - s, -15 = -3*d. Let p = -36 + b. What is the units digit of p?
8
Let p(g) = 20*g**2 - 8*g + 6. Let w(k) = 2*k - 10. Let x be w(6). What is the tens digit of p(x)?
7
Suppose 0 = 2*u - u - 3. Let x(p) = -p**2 + 5*p - 3. Let y be x(u). What is the tens digit of 201/(-9)*(y + -6)?
6
Suppose 5*t + 921 = 5446. What is the hundreds digit of t/6 + -1 - 68/(-408)?
1
Let y(s) be the first derivative of -2*s**4 - s**3/3 - s**2 - 3*s + 9. What is the tens digit of y(-2)?
6
Let q = -556 - -894. What is the hundreds digit of q?
3
Let s = 507 - 302. What is the hundreds digit of s?
2
Let u(m) = 3 - 8 + 14 + 33*m. What is the tens digit of u(6)?
0
Suppose -3*m + 0*m = -4*z + 7, -m - 13 = -4*z. What is the units digit of (m + (0 - 2))*31?
1
Let x be (18/(-10))/(2/(-230)). Let u = 318 - x. What is the tens digit of u?
1
Let v(h) = 14*h + 54. What is the units digit of v(11)?
8
Suppose 8*j - 213 - 299 = 0. What is the tens digit of ((-23)/(-4))/(8/j)?
4
Suppose -2*d = -2*b + 660, b - 340 + 5 = -4*d. What is the tens digit of b?
3
Let k be (314/(-4))/(3/(-6)). Suppose 5*n - 151 = -3*c, k = 5*n - 0*n + c. What is the units digit of n?
2
Suppose -2*u - 24 = 5*c, c - u = -6*u - 14. What is the tens digit of 3 + (-72)/c - 4?
1
Suppose 73*a - 80*a = -3213. What is the tens digit of a?
5
Suppose 17*f - 21*f = 5*p - 2492, -p = 0. What is the units digit of f?
3
Suppose 3*t + 2*t = -5*w + 10, 2*w - 8 = -4*t. Suppose 0 = t*x - 20 - 196. What is the tens digit of x?
0
Let q be 1 + (-350)/(-15) + 2/3. What is the units digit of (1 - (-8)/12*3)*q?
5
Let q be ((-42)/15)/((-5)/25). Let y be 2/7 + 24/q. What is the units digit of 632/14 - y/14?
5
Let r(j) = 3*j**2 + 39*j - 127. What is the units digit of r(25)?
3
Let l = -571 - -1650. What is the hundreds digit of l?
0
Suppose 0 = z - 5*s + 16, 3*z + 5*s - 29 = 23. Let a = z - 9. Suppose a*m - 12 = -3*m. What is the units digit of m?
4
Let g(s) = -52*s**3 - 7*s**2 + 2*s + 2. Let u(r) = -r**2. Let c(d) = g(d) - 6*u(d). What is the units digit of c(-1)?
1
Suppose -6*a = -5*a - 2*o - 274, 0 = -a - o + 283. What is the tens digit of a?
8
Let v(n) = 7*n**2 - n - 20. Let f be v(-5). Suppose -5*r = -255 - f. What is the units digit of r?
3
Let x(a) = 207*a + 117. What is the tens digit of x(8)?
7
Suppose -2244 = -3*y + 5*c, 2*y - 1549 + 51 = 4*c. What is the hundreds digit of y?
7
Suppose 0*h - 3*h = -810. What is the tens digit of h?
7
Suppose 0 = -14*n + 1 + 27. Suppose -n*p = -5*p + 585. What is the units digit of p?
5
Let f(a) = -2*a**3 - 7*a**2 - 39*a + 18. Let c(r) = -r**3 - 3*r**2 - 19*r + 9. Let n(x) = -13*c(x) + 6*f(x). What is the tens digit of n(5)?
0
What is the tens digit of 187*(-85)/(-15) + 40/(-24)?
5
Suppose -3*d = 5*w - 5546, -1773 = 4*d + 5*w - 9176. What is the tens digit of d?
5
Let b(a) = 2*a**3 - a**2 + 2*a + 23. Let t be 0*(3 - (1 - -3)). What is the units digit of b(t)?
3
Let p(y) = -y**2 + 2*y. Let t be p(2). Suppose -335 = -5*m + w, t*w - 3*w = 0. What is the units digit of m?
7
Let h(z) = z**3 + 4*z**2 - 3*z - 6. Let w = -29 - -25. What is the units digit of h(w)?
6
Suppose -4*s - f + 1823 = 0, 2284 = 5*s - 2*f - 2*f. Suppose x = 1, 0 = 2*d - 2*x - s + 88. What is the tens digit of d?
8
Suppose 2*i - 2*q - 602 = -70, -2*i = 4*q - 532. What is the hundreds digit of i?
2
Suppose -2*r + 3*r + 16 = 0. Let k be ((-58)/(-8))/(7/(-28)). Let t = r - k. What is the tens digit of t?
1
Let y = 903 + 308. What is the tens digit of y?
1
Let s be 38/5 - 4/(-10). Let j be s*(189/(-4))/(-7). Suppose -3*g - 3*b - b = -33, -4*g - 2*b = -j. What is the units digit of g?
5
Let g(y) = -y**3 - 6*y**2 - 28*y - 135. What is the hundreds digit of g(-15)?
3
Let l = 53 - 84. Suppose 4*p - 305 = 9*p. Let b = l - p. What is the tens digit of b?
3
Let v(y) = -y**3 - 9*y**2 + 10*y - 14. Let n be v(-10). Suppose 4*m = 7*p - 2*p - 86, 5*m = -5*p + 50. What is the units digit of 7/p*n/(-1)?
7
Let q(l) = 3*l - 15. Let t(u) = -2*u + 14. Suppose 6 = o + d + 2*d, -18 = 5*o + 3*d. Let s(n) = o*t(n) - 5*q(n). What is the units digit of s(-6)?
9
Suppose 2*f - 399 = -l + 2253, -4*l - 2*f = -10614. What is the thousands digit of l?
2
Suppose y - 5 = 0, 0*o + 5*y = -3*o - 17. Let u = o - -28. What is the tens digit of u?
1
What is the thousands digit of 23624/10 + (-56)/140?
2
Suppose 2